 1 - 6. Let o = 5 + x. What is u(o)?
-1
Let m(i) be the second derivative of i**4/12 + i**3/3 + i. Let z(d) = -124*d - 253. Let v be z(-2). Determine m(v).
15
Let s(c) be the third derivative of c**7/720 + c**6/720 + 31*c**5/60 + 25*c**2. Let a(i) be the third derivative of s(i). Determine a(-1).
-6
Suppose 4*j + x - 11 - 6 = 0, -5*j = -2*x - 31. Let n be 38/95 + ((-7)/j - 0). Let h(d) be the first derivative of 5*d**4/4 + d**2 + d - 1. Calculate h(n).
-6
Let h(i) = -i**2 - 8*i - 5. Let j be (1 - -4) + (14 - 17). Suppose -j - 8 = -2*z. Suppose -z*r = 5*y + 24 + 11, -3*y = 6. Determine h(r).
10
Let q(w) be the third derivative of -w**7/2520 - w**6/360 + 3*w**5/10 + 9*w**2. Let g(p) be the third derivative of q(p). What is g(3)?
-8
Suppose 3*z = -20 - 10. Let k = z - -11. Let s(n) = -n + 2 - k - 8. Calculate s(0).
-7
Let r(h) = 2*h**2 - 7*h + 7. Suppose 0 = 4*c - 2*u + 10, u + 20 = -5*c - 4*u. Let m(q) = -q**2 + 3*q - 4. Let n(f) = c*r(f) - 7*m(f). Give n(0).
7
Let w(h) be the third derivative of -1/12*h**5 + 0*h + 1/3*h**3 + 6*h**2 + 1/12*h**4 + 0. Let y be 10/(-15) + 32/12. Calculate w(y).
-14
Let d be (-39)/4 - (-1)/(-4). Suppose -5*w = 27 - 107. Let h = d + w. Let a(z) = -z**3 + 7*z**2 - 7*z + 5. Calculate a(h).
-1
Let d(v) = 5*v**2. Let w be ((-3)/9)/(2/(-18)). Suppose -4*m = 2*n - 6, -w*n + 4 = 5*m - 4*n. Determine d(m).
5
Let y(r) = r**2 - 33*r + 242. Let t be y(11). Let q(s) be the second derivative of t + 1/2*s**2 - 1/6*s**3 + s. Calculate q(7).
-6
Suppose -2*b - 4*c = -0*c + 12, -13 = 3*b + 5*c. Let s(k) = -k**3 + 3*k**2 + 3*k + 5. Give s(b).
1
Let c(o) = o**3 - 6*o**2 - o - 2. Let h(m) = m**2 - 10. Suppose -20*z + 22*z = -8. Let r be h(z). Give c(r).
-8
Let j(k) = -k**2 + 2*k + 10. Let s(h) = 8*h**2 - 5*h + 4. Let v be s(1). Calculate j(v).
-25
Let a(z) = 770*z**2 + 796*z**2 - 1582*z**2 + z - 1. Give a(-1).
-18
Let s(m) = 146*m - 436. Let n be s(3). Let v(f) be the first derivative of -9 + 5*f - 1/4*f**4 + n*f**3 - f**2. Give v(6).
-7
Let o(x) be the third derivative of x**7/840 + x**6/90 + x**5/24 + x**4/8 - 5*x**3/3 - 14*x**2. Let z(s) be the first derivative of o(s). Calculate z(-3).
-3
Suppose 38*c + 1 = -37. Let r(d) = 6*d**2 + d - 1. Determine r(c).
4
Let w(o) be the first derivative of -5*o + o + 20 + 6*o**2 + 31 - 5*o**2. Suppose -11 - 3 = -2*d. Calculate w(d).
10
Let w(z) = z**2 - 12*z + 13. Let s be w(11). Let a be ((-1)/s)/((-1)/(-22)). Let p = -5 - a. Let k(n) = -n**2 + 6*n - 6. Determine k(p).
-6
Let m(w) = -3*w - 2*w**2 - 452 + 227 + 227. Calculate m(1).
-3
Suppose 7*s - 3*s + 18 = 2*f, -s + 20 = 3*f. Let n(p) = -4*p**2 + f*p + 9*p**2 - 4*p**2 + 4. Suppose 3*u = 4*l + 12, 6 + 6 = -3*u. Determine n(l).
-2
Let v(f) be the second derivative of -f**3/6 + 3*f**2 - 97*f. Calculate v(-5).
11
Let m be 2/5 + (-10)/25. Suppose -6*s + 4*s + 4 = m. Suppose 17 = -5*d + 7, -g + s*d = -6. Let k(w) = -w**2 + 5*w - 2. Calculate k(g).
4
Let v(a) be the second derivative of a**5/20 + a**4/12 - 2*a**3/3 - a**2 + 140*a - 1. Calculate v(-2).
2
Let q(g) = 2*g. Let x = 44 + -47. Determine q(x).
-6
Let g(s) = -5*s + 8. Let v(d) = 5*d - 7. Let r be 235/(-35) + -2 + (-24)/(-14). Let q(h) = r*v(h) - 6*g(h). Give q(-2).
11
Let i(u) = u**3 + u**2 + 2*u - 4. Let h(k) = -5*k**3 - 4*k**2 - 7*k + 6. Let b(d) = -h(d) - 2*i(d). Give b(-1).
-2
Let o = 297 - 297. Let b(i) = i**3 + 2*i**2 - 2*i - 7. Give b(o).
-7
Let v(t) be the second derivative of -t**5/40 - t**4/6 - 3*t**3/2 + 18*t. Let z(m) be the second derivative of v(m). Determine z(4).
-16
Let t(w) = -24*w + 5*w - 47 + 15 + 4*w + 3*w. What is t(-3)?
4
Let w(c) be the third derivative of -c**6/120 - c**5/12 + c**4/8 + c**3/6 - 48*c**2. Calculate w(-5).
-14
Let m(a) = -a**2 + 9*a + 54. Let b be m(13). Let k(o) = -o**3 + o**2 - o - 1. Let n be k(-1). Let g(d) = -b*d - 10 + d + n. Give g(-6).
-2
Suppose 9*y - 5*y = -24. Suppose -4*x - 3*m = 0, 0*m = x + 3*m. Let u(f) = 2*f + 0*f**2 - 8 + x*f - 8*f - f**2. Calculate u(y).
-8
Let f(k) = k**2 + 12*k + 38. Let q be f(-6). Let x(r) = 2*r + 1. Determine x(q).
5
Let d be -3*1/(-3)*1. Let c(j) = -13*j + 414 + 17*j - 413. Calculate c(d).
5
Let p = -118 + 120. Let s(a) = -16*a + 44*a - 6 - a**p - 21*a. Calculate s(5).
4
Let a(i) = -i**2 + 4*i. Let o be a(4). Let q(n) = -n + 14. What is q(o)?
14
Let y(x) = 3 - x + 1 - 2. Let m be y(0). Let l(d) be the third derivative of d**5/60 - d**4/12 - d**3/6 + 43*d**2 + 2. Calculate l(m).
-1
Suppose 5*l = 3*l + 4*s - 16, -2*s = 2*l + 10. Let w be l/3 - 1*-2. Let i be 0 + 3 - w - 3. Let a(b) = b. What is a(i)?
0
Suppose 7*q = 8*q - 1. Let g(l) = 3 - 15*l**3 + 9*l**2 - q + 10*l**3 + 6*l**3. Give g(-9).
2
Let z(k) = k**3 + 4*k**2 - 6*k - 7. Let r = -13 - -17. Suppose r*n + 4 = 40. Suppose -c + 4 = n. What is z(c)?
-2
Let g(v) = -v**3 - 17*v**2 - 15*v + 14. Let i be g(-16). Let a(f) be the second derivative of 1/2*f**3 + 3/2*f**2 + 0 + 11*f. What is a(i)?
-3
Let c(n) = n**3 - 7*n**2 - 12*n + 13. Let q be c(8). Let m = 22 + q. Let b(p) = p - 2. Give b(m).
1
Suppose -5*p - 30 = 0, -3*h - p - 1 = 23. Suppose -3*i = 2*i - 15, -i = 3*b - 9. Let x(c) = 5*c**2 - 5*c**b + 5*c - 5*c**2 - c**3 + 4. What is x(h)?
10
Suppose -5*w + 235 = -0*w. Let f(v) = -v**2 - 20*v + 40. Let t be f(-20). Let m = w - t. Let y(g) = -2*g + 10. Determine y(m).
-4
Let w(l) = -l + 9. Let p(i) = -2*i + 17. Let s(r) = 6*p(r) - 11*w(r). Let o = 35 + -41. Let q be (-3 - -4) + 5 + o. What is s(q)?
3
Let v(n) = -3*n**2 + 2*n + 1. Let d be (4*(-2 + 1))/1. Let a be (d/(-8) - 1)*-4. Determine v(a).
-7
Let j = 5 + 1. Let h(u) = 6*u - u + 0*u - u**2. Determine h(j).
-6
Let x(c) be the second derivative of c**4/24 + c**3/2 - 12*c**2 - 4*c. Let f(n) be the first derivative of x(n). Calculate f(-2).
1
Let m(g) be the first derivative of -g**3/3 + 3*g**2/2 + 149. Determine m(3).
0
Let f(l) be the third derivative of -l**7/504 - 37*l**4/24 - 8*l**2. Let n(a) be the second derivative of f(a). Give n(-1).
-5
Let i(d) be the third derivative of -d**6/24 + 58*d**2. What is i(-1)?
5
Let n(k) = -7*k**2 - 10*k + 9. Let c(a) = 10*a**2 + 15*a - 14. Let o(l) = 5*c(l) + 7*n(l). Let j be (9/(-4))/((-6)/64). Let s = 19 - j. Calculate o(s).
-7
Let r be (-1 - (-3)/6) + (-66)/(-12). Let w(q) be the third derivative of -1/3*q**3 + 0*q - 4*q**2 - 5/24*q**4 + 0 + 1/60*q**5. Give w(r).
-2
Suppose -5*l - 7 = 4*w + 14, 4*w = 3*l - 13. Let r(b) = -7*b**3 - 3*b**2 - b. Let i(j) = j**3. Let x(a) = l*r(a) - 6*i(a). Give x(-2).
2
Let u(z) be the third derivative of z**5/60 + z**4/8 - z**3/2 - z**2. Let m(l) = 102*l + 716. Let j be m(-7). Calculate u(j).
7
Suppose j + 6*n + 3 = 7*n, -5*j - 15 = -2*n. Let r(h) = 2*h**3 + 3*h**2 - 4*h + 1. Give r(j).
-14
Suppose 2*c + 5*n = -c + 5, 2*c - 5 = -5*n. Let u(g) be the third derivative of 7/24*g**4 - 7/6*g**3 + c*g + 0 + 7*g**2 + 1/120*g**6 - 2/15*g**5. Give u(7).
-7
Let p = 644 + -655. Let m(v) = v + 7. What is m(p)?
-4
Let p(i) be the first derivative of -i**4/4 - 7*i**3/3 - 7*i**2/2 - 2*i - 268. Determine p(-6).
4
Let w(n) = -314*n - 3 + 614*n - 19 - 309*n + n**2. Determine w(11).
0
Let d(r) = -r**3 - r**2 + r - 37. Let f be d(0). Let w(p) = 2*p + 71. Give w(f).
-3
Let a(t) = 2*t**2 - 3*t - 3. Let z be 2/(-2) + -2 + 44. Let i(n) = 40*n**2 + 3 + 2*n - 1 - z*n**2. Let w(r) = -3*a(r) - 5*i(r). Give w(0).
-1
Let q be -1*(-4)/12*0. Let h(u) = q*u + 12 - 11 - 5*u. What is h(-1)?
6
Let t(w) = w**3 + 7*w**2 - 3*w. Suppose -94*k = -92*k + 14. What is t(k)?
21
Let f(d) = d**2 - 3*d - 2. Let k be (-12)/(-15) - 26/(-5). Let s = k - 5. Let x(w) = 5*w**3 - 2*w**2 + 2*w. Let v be x(s). Give f(v).
8
Let h be 5 - (12/4 - 2). Suppose 2*j + j + 4*q = 2, 0 = 4*j + 4*q - h. Let r(g) = -4*g**2 - g + 2. Calculate r(j).
-16
Let j be 2/(-4)*0*-1. Suppose j = 2*n - 5*n. Let d = n + -1. Let r(q) = -4*q - 1. What is r(d)?
3
Let j(h) = -3*h**2 + 4*h - 2. Suppose -2*a - 4*m + m + 16 = 0, 3*m - 8 = 2*a. Give j(a).
-6
Let i be (-2)/12 - 175/(-42). Suppose 5*u + 15 = 5*d, d - 6 = -0*d + i*u. Let s(t) = -t + d - 7 + 2*t. What is s(4)?
-1
Let n(o) = -o. Let i(b) = -2 + 2*b - 5*b**2 + 2 + 2*b - 2. Let r be i(2). Let l = -18 - r. What is n(l)?
4
Let w(g) be the second derivative of -g**6/120 + g**5/12 - g**4/12 - g**3/3 - 4*g**2 + 9*g. Let l(z) be the first derivative of w(z). Determine l(3).